1197074.
2
Calculate the highest common divisor of 30 and 151489970.
10
What is the highest common factor of 423706 and 6223708?
2806
Calculate the highest common factor of 156 and 2198118.
78
What is the highest common divisor of 2932 and 188351680?
2932
Calculate the highest common factor of 51 and 415439472.
51
What is the highest common divisor of 67022597 and 1993?
1993
What is the greatest common factor of 203998723 and 111?
37
What is the greatest common factor of 91850129 and 3020?
151
What is the highest common factor of 88450 and 1686040?
610
What is the highest common divisor of 3851766 and 216?
54
Calculate the highest common factor of 710 and 10291090.
10
What is the highest common divisor of 243663864 and 2832?
1416
What is the highest common divisor of 16632158 and 8426?
766
What is the highest common divisor of 218182279 and 82?
41
Calculate the highest common divisor of 20 and 6724990.
10
What is the greatest common factor of 130 and 26741960?
10
Calculate the highest common divisor of 1578640 and 64400.
560
Calculate the highest common divisor of 2374 and 654355116.
2374
What is the highest common factor of 131428 and 12878668?
1276
Calculate the greatest common divisor of 279 and 1409880.
93
Calculate the highest common factor of 1537315 and 9715.
335
What is the highest common factor of 299 and 157865383?
13
What is the greatest common factor of 191 and 27803?
1
What is the greatest common factor of 12906702 and 180?
18
What is the highest common divisor of 235080 and 3215880?
360
Calculate the greatest common factor of 31 and 7385347.
31
Calculate the highest common factor of 1257535 and 735730.
215
Calculate the greatest common divisor of 84 and 6880398.
42
What is the greatest common divisor of 3343 and 113163893?
3343
Calculate the highest common factor of 29898423 and 32235.
921
Calculate the greatest common divisor of 17765903 and 354.
59
Calculate the highest common factor of 168 and 6415404.
12
What is the highest common factor of 1141091 and 58914816?
9589
What is the greatest common divisor of 375 and 180372150?
75
What is the greatest common factor of 4320 and 61804620?
540
Calculate the highest common divisor of 1618 and 22159319.
809
Calculate the greatest common factor of 8585127 and 45.
9
Calculate the greatest common divisor of 627 and 556567.
209
Calculate the greatest common divisor of 840 and 26308464.
168
Calculate the highest common divisor of 107690 and 182450.
890
Calculate the greatest common factor of 6408659 and 407.
37
Calculate the greatest common factor of 35447630 and 55.
5
What is the highest common divisor of 6594458 and 208?
26
Calculate the highest common factor of 328 and 1514417.
41
What is the highest common divisor of 1924 and 43188916?
148
What is the greatest common divisor of 39407940 and 403?
13
What is the greatest common divisor of 140480 and 32720?
80
Calculate the highest common factor of 567461408 and 64.
32
What is the highest common factor of 1226108 and 34748?
4964
Calculate the greatest common divisor of 5901 and 19089.
21
Calculate the highest common divisor of 554280518 and 6754.
6754
Calculate the greatest common factor of 13 and 329817462.
13
What is the greatest common divisor of 8 and 2906162?
2
Calculate the highest common factor of 253813 and 3535707.
707
What is the highest common factor of 86625 and 3015?
45
Calculate the highest common factor of 35145132 and 2112.
132
Calculate the greatest common divisor of 1568669 and 10697990.
5543
Calculate the greatest common factor of 13572 and 3920394.
174
What is the greatest common factor of 59260740 and 105?
105
What is the highest common factor of 3068 and 40418599?
767
Calculate the greatest common divisor of 38626 and 4197151.
623
Calculate the greatest common factor of 9226546 and 952.
238
What is the greatest common factor of 1285172 and 752395?
4067
What is the highest common factor of 299085860 and 17300?
3460
What is the greatest common divisor of 936266653 and 2023?
2023
Calculate the greatest common divisor of 33 and 122511279.
33
Calculate the highest common factor of 104 and 10948639.
13
What is the greatest common divisor of 443585 and 43766?
79
Calculate the greatest common factor of 1276 and 17228204.
116
What is the highest common divisor of 92272 and 75287?
79
What is the highest common factor of 8980 and 700?
20
Calculate the greatest common factor of 306 and 7054038.
18
What is the greatest common divisor of 257794 and 98282?
314
What is the greatest common divisor of 114 and 172315408?
38
Calculate the highest common factor of 106 and 95671201.
53
Calculate the greatest common divisor of 35666152 and 24.
8
What is the highest common factor of 6821 and 46075?
19
Calculate the greatest common divisor of 3099454 and 1438546.
4538
What is the greatest common divisor of 200 and 193124200?
200
Calculate the greatest common divisor of 66 and 49570653.
33
Calculate the highest common divisor of 3799200 and 4503635.
7915
What is the greatest common factor of 23232 and 493248?
192
Calculate the greatest common divisor of 120 and 27579380.
20
Calculate the highest common factor of 4560 and 4360215.
285
Calculate the highest common divisor of 22651544 and 5968.
2984
Calculate the highest common factor of 3977275 and 25300.
575
Calculate the highest common divisor of 6 and 13817442.
6
What is the greatest common factor of 737744 and 12544?
784
Calculate the highest common divisor of 884336 and 5814.
38
Calculate the greatest common divisor of 783616 and 80000.
128
What is the greatest common divisor of 4446 and 3450343?
247
Calculate the highest common divisor of 1520 and 8959360.
80
Calculate the greatest common divisor of 240 and 18316240.
80
What is the greatest common divisor of 1150774 and 74?
74
Calculate the highest common divisor of 25610152 and 584.
584
What is the highest common factor of 6827812 and 87532?
316
Calculate the greatest common divisor of 10674 and 6382.
2
Calculate the highest common divisor of 1693107 and 2691.
117
What is the highest common factor of 435780 and 85590?
270
What is the highest common factor of 3184907 and 417?
139
What is the greatest common factor of 164592736 and 98703?
10967
What is the highest common factor of 6324172 and 4558?
106
Calculate the greatest common divisor of 1155 and 92326850.
385
Calculate the greatest common factor of 36176 and 251804.
476
Calculate the greatest common divisor of 108565459 and 521.
521
Calculate the highest common divisor of 9180343 and 35786.
617
Calculate the greatest common factor of 164052783 and 37.
37
What is the highest common divisor of 2116 and 204367512?
2116
Calculate the highest common factor of 1225 and 1545607.
49
Calculate the greatest common divisor of 57702 and 170.
2
What is the greatest common divisor of 174230 and 64904?
266
What is the highest common factor of 115 and 768205?
5
What is the greatest common divisor of 588 and 113772120?
588
What is the highest common factor of 21872412 and 342?
18
What is the greatest common divisor of 1566 and 452658?
6
Calculate the highest common divisor of 20 and 8897270.
10
Calculate the highest common factor of 2933 and 37541.
7
Calculate the highest common factor of 16952 and 410344350.
4238
Calculate the greatest common divisor of 705094051 and 4211.
4211
Calculate the highest common factor of 219546800 and 2050.
2050
Calculate the greatest common divisor of 2 and 16897586.
2
What is the greatest common divisor of 2477895 and 35?
35
What is the highest common divisor of 2506 and 50484?
14
What is the greatest common divisor of 139755624 and 24?
24
What is the highest common divisor of 92514 and 2788?
34
Calculate the highest common divisor of 277480 and 463400.
280
What is the greatest common factor of 30485565 and 495?
495
Calculate the greatest common factor of 42948667 and 53329.
3137
What is the highest common factor of 131 and 14523315?
131
Calculate the greatest common factor of 50661972 and 68.
68
Calculate the highest common divisor of 984536 and 840.
56
Calculate the highest common factor of 96 and 112243936.
32
Calculate the highest common divisor of 37289 and 80458.
49
Calculate the greatest common factor of 2181483 and 4218.
111
Calculate the greatest common d